ne i(45).
9
Let u(g) = 13*g - 410. Determine u(26).
-72
Let s(l) = -l**2 + 134*l - 4031. What is s(87)?
58
Let j(g) = 77*g - 847. Give j(11).
0
Let o(i) = -3*i + 32. Calculate o(-5).
47
Let y(b) = -b**2 - 3*b + 119. Give y(9).
11
Let c(v) = -350*v - 3153. Calculate c(-9).
-3
Let h(c) = 4*c**2 + 491*c + 372. Give h(-122).
6
Let k(n) = 483*n + 46370. Calculate k(-96).
2
Let m(z) = 72*z**2 + 114*z + 339. Give m(-3).
645
Let b(r) = -r**3 + 10*r**2 + 157*r - 203. Give b(18).
31
Let j(d) = -80*d - 2963. What is j(-37)?
-3
Let b(t) = t**3 + 2*t**2 - 28*t - 10. Calculate b(-6).
14
Let m(z) = z**2 - 11*z + 16. Calculate m(9).
-2
Let f(i) = -i**3 - 5*i**2 + 32*i + 152. Determine f(-4).
8
Let y(o) = 32*o + 12. What is y(-2)?
-52
Let k(b) = -b**2 + 910*b + 54096. Calculate k(-56).
0
Let w(f) = 14*f + 297. What is w(-13)?
115
Let i(h) = 79*h - 1989. What is i(25)?
-14
Let g(m) = -m**3 - 4*m**2 + 10*m + 15. What is g(4)?
-73
Let m(p) = 10*p - 173. Give m(26).
87
Let n(a) = 374*a - 290. Calculate n(-2).
-1038
Let g(m) = -2*m**2 - 45*m + 1296. Give g(16).
64
Let y(w) = 3513*w - 14058. Calculate y(4).
-6
Let r(v) = 4*v**3 + 220*v**2 + v + 44. What is r(-55)?
-11
Let n(a) = a**2 + 5*a + 71. Calculate n(-9).
107
Let h(u) = -u**2 + 682*u + 4159. Determine h(-6).
31
Let d(x) = -207*x - 157. Determine d(4).
-985
Let q(o) = 13533*o - 108237. Determine q(8).
27
Let m(r) = -2704*r - 5409. Determine m(-2).
-1
Let i(v) = -1226*v + 107900. Determine i(88).
12
Let u(p) = 52*p**2 + 2183*p - 41. Give u(-42).
1
Let a(c) = -209*c + 22161. Determine a(106).
7
Let h(k) = k**3 - 8*k**2 + 4*k + 13. Calculate h(5).
-42
Let h(o) = o**3 + 77*o**2 + 354*o - 351. Give h(-72).
81
Let w(m) = -m**3 + 32*m**2 + 111*m + 1193. Calculate w(36).
5
Let b(a) = 52*a - 1405. Calculate b(27).
-1
Let o(w) = 2*w**3 - 56*w**2 + 6*w - 129. Give o(28).
39
Let k(c) = -36*c**2 + 4*c - 3. Calculate k(1).
-35
Let a(u) = -17*u - 122. Give a(-6).
-20
Let z(y) = 153*y**2 - 1. Calculate z(1).
152
Let j(r) = 2*r**2 - 5*r - 311. Calculate j(14).
11
Let c(q) = 26*q**3 - 127*q**2 - 20*q + 23. Determine c(5).
-2
Let g(l) = -34*l**2 - 10369*l + 326. Calculate g(-305).
21
Let f(n) = -2*n**3 + 14*n**2 + 16*n - 49. Give f(8).
-49
Let a(j) = 117*j + 2. Give a(-1).
-115
Let a(x) = -x**2 - 149*x - 2944. Calculate a(-22).
-150
Let p(m) = 17*m + 66. Give p(-10).
-104
Let r(y) = -5*y**2 + 26*y + 17. What is r(6)?
-7
Let p(v) = -v**3 - 46*v**2 - 2*v - 15. What is p(-46)?
77
Let g(h) = -159*h + 4582. Calculate g(29).
-29
Let f(i) = 528*i + 5310. What is f(-10)?
30
Let m(v) = -v**3 - v**2 + 6*v. What is m(-6)?
144
Let p(n) = -3*n**2 + 46*n - 95. Give p(10).
65
Let z(v) = -979*v**2 + 7847*v - 14. Determine z(8).
106
Let n(c) = 2012*c + 8070. Calculate n(-4).
22
Let x(o) = -o**3 + 50*o**2 - 56*o + 368. What is x(49)?
25
Let v(t) = t**3 + 101*t**2 + 295*t + 144. What is v(-98)?
46
Let c(n) = 2*n**2 + 2571*n + 20446. Give c(-8).
6
Let u(i) = 72*i**3 - i - 2. Calculate u(-1).
-73
Let y(a) = -6759*a - 40549. What is y(-6)?
5
Let g(l) = -2*l**3 + 18*l**2 + 23*l - 277. What is g(8)?
35
Let p(i) = 48*i - 6312. Determine p(131).
-24
Let p(f) = -f**3 + 11*f**2 - 29*f + 176. Determine p(9).
77
Let n(j) = 5*j**3 - 76*j**2 + 76*j + 2. Give n(1).
7
Let b(z) = -13*z - 285. Calculate b(-8).
-181
Let y(b) = 1695*b - 6788. Calculate y(4).
-8
Let i(a) = -2*a**3 - 3*a**2 - a + 1. What is i(4)?
-179
Let n(k) = 26*k - 1647. Give n(66).
69
Let v(j) = -17*j**2 + 5014*j + 285. Give v(295).
-10
Let c(k) = k**3 - k**2 - 10*k + 1. What is c(7)?
225
Let z(s) = -s**2 + 885*s + 3566. Calculate z(-4).
10
Let j(h) = h**3 - 5*h**2 + 160*h - 629. What is j(4)?
-5
Let g(p) = -2*p**3 - 121*p**2 - 177*p - 57. Give g(-59).
-57
Let o(s) = 2*s**2 + 135*s - 558. What is o(4)?
14
Let t(b) = -b**2 - 15*b - 25. Determine t(-4).
19
Let k(l) = -7577*l + 60660. Calculate k(8).
44
Let c(f) = -4*f**2 - 108*f + 105. Calculate c(-29).
-127
Let h(n) = -n**3 + 10*n**2 + 8*n + 191. Calculate h(12).
-1
Let f(h) = -h**2 + 12256*h - 85748. Give f(7).
-5
Let t(b) = 27*b + 1066. What is t(-37)?
67
Let l(i) = i**2 + 82*i + 1489. Calculate l(-30).
-71
Let f(q) = -48*q + 62. Calculate f(7).
-274
Let n(k) = -2*k**3 + 52*k**2 + 1013*k - 5. What is n(-13)?
8
Let b(q) = -7673*q + 53709. What is b(7)?
-2
Let k(a) = -2*a**3 - 48*a**2 - 111*a - 497. Calculate k(-22).
9
Let k(b) = 38*b - 1078. Calculate k(26).
-90
Let m(y) = y**2 + 732*y + 11435. Give m(-16).
-21
Let u(h) = -h**2 + 56*h - 11. What is u(0)?
-11
Let n(z) = 3*z**2 + 103*z + 31. Give n(-34).
-3
Let r(y) = 8*y**2 - 93*y - 488. Give r(-4).
12
Let c(w) = -115*w + 266. Determine c(3).
-79
Let u(l) = -l**3 + 34*l**2 - 92*l - 26. What is u(31)?
5
Let q(s) = -3*s**2 - 216*s + 1875. Give q(8).
-45
Let p(k) = 8304*k - 74732. Determine p(9).
4
Let c(z) = -z**3 + 91*z**2 - 100*z + 903. Determine c(90).
3
Let n(y) = -29*y**3 + 501*y**2 - 137*y + 5. Give n(17).
-12
Let n(z) = -1409*z + 16945. Calculate n(12).
37
Let f(k) = -2*k + 23. What is f(5)?
13
Let p(m) = m**3 - 11*m**2 + 93*m - 548. What is p(8)?
4
Let i(b) = -b**3 + 18*b**2 - 27*b - 36. What is i(15)?
234
Let d(o) = o**2 - 848*o + 13305. Give d(16).
-7
Let u(s) = -4*s**2 + 5*s - 3. Determine u(-2).
-29
Let s(r) = -3*r**3 + 26*r**2 - 13*r + 8. What is s(4)?
180
Let g(a) = -a**3 + 111*a**2 - 218*a + 64. Give g(109).
64
Let n(m) = -m**3 + 118*m**2 + 355*m + 974. Calculate n(121).
6
Let r(m) = m**3 + 4*m**2 - 46*m. Determine r(-9).
9
Let t(r) = -r**2 + 44*r - 171. Determine t(5).
24
Let s(c) = -488*c - 13656. Calculate s(-28).
8
Let t(g) = 43*g - 1908. Give t(45).
27
Let b(o) = o**2 + 12*o + 39. Determine b(-9).
12
Let i(p) = 266*p - 1603. What is i(6)?
-7
Let l(v) = -39*v + 356. Determine l(8).
44
Let p(n) = -207*n - 6424. Determine p(-31).
-7
Let o(n) = -n**3 + 14*n**2 + n - 86. What is o(13)?
96
Let j(y) = 5*y**2 - 17*y - 6. What is j(3)?
-12
Let s(t) = -925*t + 7. Determine s(0).
7
Let f(z) = 115*z + 547. What is f(-4)?
87
Let l(n) = 7*n**2 + 177*n + 55. What is l(-25)?
5
Let r(j) = j**2 - 79*j - 157. Determine r(79).
-157
Let r(o) = -o**3 - 43*o**2 + 89*o - 40. What is r(-45)?
5
Let d(z) = 9*z + 331. What is d(-37)?
-2
Let u(c) = 11*c - 113. What is u(9)?
-14
Let f(l) = -2*l**2 + 62*l + 3309. Determine f(-28).
5
Let k(p) = p**2 - 39*p + 354. Determine k(20).
-26
Let k(q) = 28*q + 517. Give k(-19).
-15
Let l(d) = -11*d**3 + 155*d**2 - 13*d - 20. What is l(14)?
-6
Let d(u) = u**3 + 7*u**2 - 4*u - 27. Give d(-6).
33
Let u(l) = -l**2 - 191*l + 6137. Determine u(28).
5
Let b(r) = -r**3 - 16*r**2 + 21*r + 27. Calculate b(-18).
297
Let d(s) = 870*s - 5216. What is d(6)?
4
Let y(c) = -611*c - 230. What is y(1)?
-841
Let g(o) = -o**2 + 21*o - 250. Give g(9).
-142
Let r(b) = -2*b**2 - 143*b + 377. Determine r(-74).
7
Let x(q) = -3*q + 89. Calculate x(38).
-25
Let w(x) = -x + 18. Determine w(-12).
30
Let j(m) = m**3 + 23*m**2 + 14*m + 63. Calculate j(-22).
239
Let d(m) = m**2 + 44*m + 315. Calculate d(-8).
27
Let q(l) = l**3 - 23*l**2 + 130*l + 28. Calculate q(11).
6
Let c(b) = -2*b**3 - b**2 + 3*b - 17. Determine c(0).
-17
Let i(w) = -17*w + 405. Calculate i(23).
14
Let b(p) = -p**3 - 8*p**2 - 3*p + 4. Give b(-5).
-56
Let t(s) = 2*s**3 - 148*s**2 - 957*s - 244. Determine t(80).
-4
Let p(c) = 6*c**2 + 189*c - 90. What is p(-32)?
6
Let b(u) = 5*u**2 + 62*u + 117. Determine b(-2).
13
Let n(g) = -17*g - 698. Give n(-32).
-154
Let h(n) = n**3 + 2*n**2 - 21*n - 178. Determine h(-8).
-394
Let a(n) = -51*n**2 + 360*n - 14. Give a(7).
7
Let o(k) = k**2 - 100*k - 716. Calculate o(108).
148
Let h(p) = 4*p**3 + 102*p**2 + 44*p + 26. Calculate h(-25).
176
Let y(m) = -23977*m - 47959. Give y(-2).
-5
Let n(j) = -j**3 - 11*j**2 - 15*j - 285. What is n(-13)?
248
Let z(s) = -87*s - 11479. What is z(-132)?
5
Let v(k) = -2*k**3 - 26*k**2 - 164*k - 283. Determine v(-3).
29
Let s(d) = 507*d - 6593. Calculate s(13).
-2
Let f(w) = 3*w**3 + 214*w**2 + 76*w + 148. Give f(-71).
-207
Let d(q) = 34*q - 2183. Calculate d(62).
-75
Let k(c) = 127*c + 3058. Calculate k(-24).
10
Let i(j) = -j**3 + 164*j**2 - 174*j + 1792. Give i(163).
-1
Let s(k) = -k**3 - 19*k**2 - 67*k + 50. Determine s(-12).
-154
Let v(p) = 4*p**3 + 23*p**2 - 23*p - 86. What is v(-5)?
104
Let i(q) = q**3 + 139*q**2 - 575*q - 427. Give i(-143).
2
Let i(c) = 2